344a3055
In base 8, what is -1 + -16554313?
-16554314
In base 11, what is 369 + -a63849?
-a63490
In base 15, what is -4ed2 - 6972?
-b954
In base 13, what is -4 + 3b0c7342?
3b0c733b
In base 11, what is -10 - -58a306?
58a2a6
In base 11, what is -612 + -45733a?
-457951
In base 5, what is -12 + -4121412234?
-4121412301
In base 6, what is 0 + 320453014?
320453014
In base 8, what is 41122671 - -3?
41122674
In base 11, what is -512509 - -5?
-512504
In base 11, what is -121 - 949?
-a6a
In base 6, what is -545143 - -2254?
-542445
In base 5, what is -12203000124 + -4?
-12203000133
In base 3, what is -212021 + -112200212210?
-112201202001
In base 14, what is 209 - 463d9?
-461d0
In base 7, what is 14 + -6162653?
-6162636
In base 15, what is 8b81 - -64b?
92cc
In base 8, what is 661367 - 150?
661217
In base 3, what is 20100202112 - -2020121?
20110000010
In base 6, what is 4342311532 - 2?
4342311530
In base 16, what is -1cb + -69c?
-867
In base 10, what is 34 + 59443?
59477
In base 11, what is 79252982 - 3?
7925297a
In base 10, what is 236 + -57586?
-57350
In base 7, what is -305 + 106140?
105532
In base 14, what is -7b5c9 - 43?
-7b62c
In base 7, what is 33455663 + 1?
33455664
In base 10, what is 0 - -3539089?
3539089
In base 16, what is 8d3 + 12a8?
1b7b
In base 11, what is -64 - 87115?
-87179
In base 3, what is 10 + -100220101222202222?
-100220101222202212
In base 16, what is 19 + 78f7?
7910
In base 3, what is -122210011000200 + 1?
-122210011000122
In base 6, what is 2301520 + 351?
2302311
In base 10, what is 568621 - -422?
569043
In base 15, what is -2 - 6da990?
-6da992
In base 6, what is -203213213 - -145?
-203213024
In base 4, what is 1 - -201233122?
201233123
In base 11, what is -1598952 - 2?
-1598954
In base 13, what is 3b7 + -8b1c8?
-8ab11
In base 5, what is 22423204 + -1021?
22422133
In base 16, what is -8 - -158121?
158119
In base 4, what is 30 - 111030313323?
-111030313233
In base 9, what is -55423803 + -5?
-55423808
In base 5, what is 41 + 1221121?
1221212
In base 9, what is 17144 - 3620?
13424
In base 5, what is 314133302411 + 3?
314133302414
In base 7, what is 340626150 - 1?
340626146
In base 4, what is -12 - 113211332130?
-113211332202
In base 14, what is 90a1 + c40?
9d01
In base 11, what is 4034 + -223?
3911
In base 2, what is -10001110111111 - -10100000?
-10001100011111
In base 13, what is 63c6 + -13b8?
500b
In base 14, what is 7d354a + 5?
7d3551
In base 13, what is -374a5 + -938?
-38110
In base 12, what is -165112 + -47?
-165159
In base 13, what is 8 + -889824?
-889819
In base 7, what is -3 + 35523112?
35523106
In base 16, what is 194 + 107fc?
10990
In base 15, what is -3 + 11ce2b7?
11ce2b4
In base 16, what is -52a1 - -133?
-516e
In base 13, what is 6549 - -131?
667a
In base 8, what is -2 + -5546216?
-5546220
In base 8, what is -102310 + -2?
-102312
In base 5, what is -32331 - -302404?
220023
In base 6, what is -13 - 5323400?
-5323413
In base 5, what is 4434 + 33214?
43203
In base 6, what is -114520210 + 3?
-114520203
In base 5, what is 422043 + -2202331?
-1230233
In base 14, what is -771d - -730?
-6dcd
In base 2, what is 1000 - 100100010011101101111?
-100100010011101100111
In base 12, what is 6a66 + -15a6?
5480
In base 13, what is 16 + 5b6?
5cc
In base 4, what is -10 + 110210322013?
110210322003
In base 5, what is 322421224 - 0?
322421224
In base 9, what is 11221 - -50864?
62185
In base 4, what is -2 - 133320022213?
-133320022221
In base 4, what is -30313023022 - 20?
-30313023102
In base 13, what is -4 + 34a73c8?
34a73c4
In base 13, what is bc68c7 - -b?
bc6905
In base 8, what is -1041 + -336330?
-337371
In base 13, what is -4 - -1133924?
1133920
In base 4, what is 23122301 - -212?
23123113
In base 3, what is -1202211100122202 + 1?
-1202211100122201
In base 14, what is -1d3 + 1d23b?
1d048
In base 6, what is 214324230 + -1?
214324225
In base 10, what is 7589391 + 9?
7589400
In base 11, what is 36891 - 1642?
3524a
In base 4, what is 23133001 + 120311?
23313312
In base 15, what is -79 + 51841?
517b7
In base 16, what is -19 + -1dd5a7?
-1dd5c0
In base 9, what is 410 - 1054227?
-1053717
In base 12, what is -12 - -157a069?
157a057
In base 10, what is 2717 - -1464?
4181
In base 4, what is -1012 - 12023102?
-12030120
In base 16, what is c + -153673?
-153667
In base 16, what is -4 + 364e26?
364e22
In base 8, what is -4122 + 141250?
135126
In base 7, what is -2625 - -1301?
-1324
In base 9, what is 48423 - -34520?
84043
In base 11, what is -28 + 1449354?
1449327
In base 13, what is 3 - -b450b?
b4511
In base 5, what is 2 - -302344433123?
302344433130
In base 4, what is -2013011 + -11301201?
-13320212
In base 7, what is 24066 - 2642?
21124
In base 15, what is 7c045db - 1?
7c045da
In base 4, what is 103 - 1023102020?
-1023101311
In base 7, what is -53 + 1220323?
1220240
In base 13, what is -44c38 + -7a?
-44cb5
In base 15, what is 4 - 18d500?
-18d4eb
In base 14, what is -2 + -21859281?
-21859283
In base 11, what is 3353 - 430?
2a23
In base 15, what is 1ea86a2 + 5?
1ea86a7
In base 8, what is 3 + -516535?
-516532
In base 3, what is -210010222 + 211120102?
1102110
In base 4, what is 11 - 2011100100321?
-2011100100310
In base 13, what is 250a90 - 22?
250a6b
In base 16, what is -1a0b38 + -4?
-1a0b3c
In base 6, what is 31133 + 121044?
152221
In base 7, what is 145651 + 530?
146511
In base 8, what is -121720152 - -24?
-121720126
In base 14, what is -3 + 39199?
39196
In base 9, what is 2521 + -11468?
-7847
In base 16, what is -110 + -7688?
-7798
In base 12, what is 30986705 - -2?
30986707
In base 11, what is 3 + 21378a96?
21378a99
In base 6, what is 2014031011 + 1?
2014031012
In base 4, what is 1210103321 - 202?
1210103113
In base 14, what is -2c2d07d - 7?
-2c2d086
In base 4, what is 0 - -102111331131?
102111331131
In base 7, what is -11132 - -3246?
-4553
In base 2, what is -10 + -111010000000010110010111111?
-111010000000010110011000001
In base 8, what is -217 - 14372723?
-14373142
In base 3, what is -121220121011 - -121?
-121220120120
In base 13, what is -14b - -114c?
1001
In base 9, what is -6525 - -118?
-6406
In base 10, what is 192 + 542491?
542683
In base 8, what is -652015533 - 0?
-652015533
In base 5, what is 11 - -1100131420244?
1100131420310
In base 5, what is 234203321410 + 10?
234203321420
In base 6, what is -1014511 - -10100?
-1004411
In base 10, what is 10 - 155980?
-155970
In base 7, what is 63636543 + -22?
63636521
In base 12, what is 5 - -4b7393a?
4b73943
In base 8, what is -107151337 - 37?
-107151376
In base 4, what is 10011202 - -33121203?
103133011
In base 11, what is 66 + 10628109?
10628174
In base 2, what is 101 + 1000101111011101101100010000?
1000101111011101101100010101
In base 4, what is -333 - 12303312311?
-12303313310
In base 11, what is -1a325 - -506?
-1991a
In base 13, what is 3 - -3040019?
304001c
In base 9, what is 47 - 407713?
-407655
In base 7, what is -2 + 2031341554?
2031341552
In base 9, what is -406477361 - -2?
-406477358
In base 5, what is -143 - -10102320144?
10102320001
In base 12, what is 12b1 + -64961?
-63670
In base 6, what is 35244 + -24055?
11145
In base 9, what is 135878 - -23?
136012
In base 15, what is -2e6289 + -11b?
-2e63a5
In base 10, what is 5 - -835595?
835600
In base 11, what is -34 - -73490?
73457
In base 10, what is 3 + -757988?
-757985
In base 16, what is -17085 - 29?
-170ae
In base 7, what is 211660 + 64?
212054
In base 3, what is 20121 + 1122202222?
1200000120
In base 10, what is 2 - 10843660?
-10843658
In base 15, what is -88b16 - 32a?
-88e41
In base 4, what is 100 - -10331203130?
10331203230
In base 14, what is 8a98c78 - -1?
8a98c79
In base 8, what is 512522 - 1171?
511331
In base 15, what is 2 + -9c3c2?
-9c3c0
In base 12, what is 1186a - ba51?
1a19
In base 14, what is -4dd + -288c?
-2d8b
In base 13, what is -2 - -12252ca?
12252c8
In base 2, what is -1001001010110011011101 + 0?
-1001001010110011011101
In base 4, what is 13023 + 10321220301?
10321233330
In base 4, what is 101132100033330 - 10?
101132100033320
In base 4, what is -3030320223 - 1001?
-3030321230
In base 4, what is -131 - 131012033?
-131012230
In base 3, what is 201210110120222 - 1?
201210110120221
In base 6, what is 2 + 2313134234?
2313134240
In base 9, what is 3 - -457626?
457630
In base 2, what is 111000010010 - -11111001?
111100001011